{"id":253,"date":"2016-03-17T09:10:52","date_gmt":"2016-03-17T09:10:52","guid":{"rendered":"https:\/\/odontorabes.es\/clinica-dental-madrid-leganes\/?page_id=253"},"modified":"2020-05-04T12:48:21","modified_gmt":"2020-05-04T12:48:21","slug":"quienes-somos","status":"publish","type":"page","link":"https:\/\/odontorabes.es\/clinica-dental-madrid-leganes\/quienes-somos\/","title":{"rendered":"Quienes somos, en las clinicas dentales Odonto Rabes"},"content":{"rendered":"<p>[et_pb_section fb_built=&#8221;1&#8243; _builder_version=&#8221;3.22&#8243;][et_pb_row _builder_version=&#8221;3.25&#8243; background_size=&#8221;initial&#8221; background_position=&#8221;top_left&#8221; background_repeat=&#8221;repeat&#8221;][et_pb_column type=&#8221;4_4&#8243; _builder_version=&#8221;3.25&#8243; custom_padding=&#8221;|||&#8221; custom_padding__hover=&#8221;|||&#8221;][et_pb_tabs active_tab_background_color=&#8221;#f8f8f8&#8243; inactive_tab_background_color=&#8221;#ffffff&#8221; _builder_version=&#8221;3.16.1&#8243; tab_text_color=&#8221;#0071c4&#8243; tab_font_size=&#8221;17px&#8221; background_color=&#8221;#f8f8f8&#8243; custom_css_active_tab=&#8221;color:red!important;&#8221;][et_pb_tab title=&#8221;Cl\u00ednicas&#8221; _builder_version=&#8221;3.16.1&#8243;]<\/p>\n<h1 style=\"text-align: center;\"><span style=\"color: #0071c4;\"><strong>MAS DE 30 A\u00d1OS DE EXPERIENCIA<\/strong><\/span><\/h1>\n<p>Un equipo de profesionales con mas de treinta a\u00f1os de experiencia, dedicados a la odontolog\u00eda integral, cuyo principal objetivo es \u201cHACER SONRE\u00cdR A NUESTROS PACIENTES\u201d, esto lo conseguimos mediante una actuaci\u00f3n profesional, todo ello de una manera r\u00e1pida y predecible.<\/p>\n<p>Atenci\u00f3n directa del paciente por los profesionales experimentados.<\/p>\n<p>Para ello disponemos de<a href=\"https:\/\/odontorabes.es\/clinica-dental-madrid-leganes\/contacta-con-tu-clinica-odonto-rabes\/\"> tres cl\u00ednicas en Madrid<\/a>, en los que ofrecemos t\u00e9cnicas de vanguardia para el tratamiento conservador de sus piezas dentarias y enc\u00edas, como tambi\u00e9n, alineaci\u00f3n de sus arcadas, blanqueamientos, y procedimientos quir\u00fargicos para el reemplazo de piezas perdidas.<\/p>\n<p>La calidez en la atenci\u00f3n, la profesionalidad y el amor por lo que hacemos, se ha convertido en nuestra se\u00f1a de identidad; por ello le invitamos a acercarse para encontrar una soluci\u00f3n integral a sus problemas de salud bucal.<br \/>\n[\/et_pb_tab][et_pb_tab title=&#8221;Dra. Sato&#8221; _builder_version=&#8221;3.16.1&#8243;]<\/p>\n<h2><a href=\"https:\/\/odontorabes.es\/clinica-dental-madrid-leganes\/wp-content\/uploads\/2016\/06\/Doctora-Sato.jpg\"><img loading=\"lazy\" decoding=\"async\" class=\"size-medium wp-image-898 alignleft\" src=\"https:\/\/odontorabes.es\/clinica-dental-madrid-leganes\/wp-content\/uploads\/2016\/06\/Doctora-Sato-259x300.jpg\" alt=\"Doctora Sato\" width=\"259\" height=\"300\" title=\"\" srcset=\"https:\/\/odontorabes.es\/clinica-dental-madrid-leganes\/wp-content\/uploads\/2016\/06\/Doctora-Sato-259x300.jpg 259w, https:\/\/odontorabes.es\/clinica-dental-madrid-leganes\/wp-content\/uploads\/2016\/06\/Doctora-Sato.jpg 345w\" sizes=\"(max-width: 259px) 100vw, 259px\" \/><\/a>Dra. Elsa Sato<\/h2>\n<p class=\"texto-doctor\">Dra. Elsa Sato, se licenci\u00f3 en odontolog\u00eda en el a\u00f1o 1984, a partir de ese momento ha dedicado su trayectoria profesional en exclusiva a la pr\u00e1ctica de la Odontolog\u00eda Integral, as\u00ed como tambien la busqueda constante de una formaci\u00f3n permanente.<br \/>\n<a href=\"https:\/\/odontorabes.es\/clinica-dental-madrid-leganes\/wp-content\/uploads\/2016\/06\/06-Curriculum-EGSO.pdf\" target=\"_blank\" rel=\"noopener noreferrer\">+info<\/a><\/p>\n<p>[\/et_pb_tab][et_pb_tab title=&#8221;Dr. Bazzi&#8221; _builder_version=&#8221;3.16.1&#8243;]<\/p>\n<h2><a href=\"https:\/\/odontorabes.es\/clinica-dental-madrid-leganes\/wp-content\/uploads\/2016\/06\/Doctor-Bazzi.jpg\"><img loading=\"lazy\" decoding=\"async\" class=\"alignleft size-medium wp-image-901\" src=\"https:\/\/odontorabes.es\/clinica-dental-madrid-leganes\/wp-content\/uploads\/2016\/06\/Doctor-Bazzi-259x300.jpg\" alt=\"Doctor Ricardo Bazzi\" width=\"259\" height=\"300\" title=\"\" srcset=\"https:\/\/odontorabes.es\/clinica-dental-madrid-leganes\/wp-content\/uploads\/2016\/06\/Doctor-Bazzi-259x300.jpg 259w, https:\/\/odontorabes.es\/clinica-dental-madrid-leganes\/wp-content\/uploads\/2016\/06\/Doctor-Bazzi.jpg 345w\" sizes=\"(max-width: 259px) 100vw, 259px\" \/><\/a>Dr. Ricardo Bazzi<\/h2>\n<p class=\"texto-doctor\">Dr. RicardoAntonio Bazzi Manzutti, se licenci\u00f3 en odontolog\u00eda en el a\u00f1o 1986, a partir de ese momento ha dedicado su trayectoria profesional en exclusiva a la pr\u00e1ctica de la Odontolog\u00eda Integral y a las especialidades de Ortodoncia, Periodoncia, as\u00ed como tambien la busqueda constante de una formaci\u00f3n permanente.<br \/>\n<a href=\"https:\/\/odontorabes.es\/clinica-dental-madrid-leganes\/wp-content\/uploads\/2016\/06\/08-Curriculum-RBM.pdf\" target=\"_blank\" rel=\"noopener noreferrer\">+info<\/a><\/p>\n<p>[\/et_pb_tab][et_pb_tab title=&#8221;El Equipo&#8221; _builder_version=&#8221;3.16.1&#8243;]<\/p>\n<ul class=\"cajas-manos\">\n<li><img decoding=\"async\" class=\"mano\" src=\"https:\/\/odontorabes.es\/clinica-dental-madrid-leganes\/wp-content\/uploads\/2016\/07\/mano-de-Ricardo2.jpg\" alt=\"\" title=\"\"><\/li>\n<li><img decoding=\"async\" class=\"mano\" src=\"https:\/\/odontorabes.es\/clinica-dental-madrid-leganes\/wp-content\/uploads\/2016\/07\/mano-de-shirley2.jpg\" alt=\"\" title=\"\"><\/li>\n<li><img decoding=\"async\" class=\"mano\" src=\"https:\/\/odontorabes.es\/clinica-dental-madrid-leganes\/wp-content\/uploads\/2016\/07\/mano-de-Rosy2.jpg\" alt=\"\" title=\"\"><\/li>\n<li><img decoding=\"async\" class=\"mano\" src=\"https:\/\/odontorabes.es\/clinica-dental-madrid-leganes\/wp-content\/uploads\/2016\/07\/mano-de-elsa2.jpg\" alt=\"\" title=\"\"><\/li>\n<li><img decoding=\"async\" class=\"mano\" src=\"https:\/\/odontorabes.es\/clinica-dental-madrid-leganes\/wp-content\/uploads\/2016\/07\/mano-de-Nuria2.jpg\" alt=\"\" title=\"\"><\/li>\n<\/ul>\n<h4 style=\"text-align: center;\">Este es el verdadero valor de ODONTORABES, el equipo humano, que se caracter\u00edza por:<\/h4>\n<p>Absoluta responsabilidad personal por lo que hacen, siendo cada uno el propio cambio que quieran ver en el equipo. Curiosidad constante por mejorar y aprender. Se gu\u00edan por su actitud en el d\u00eda a d\u00eda y tienen como objetivo personal su rendimiento cuando nadie les est\u00e1 mirando y las cosas no van bien.<\/p>\n<p>Tienen obsesiva atenci\u00f3n por el detalle. Nunca dejan de mejorar, siempre desaf\u00edan el estado de las cosas y se preguntan todos como equipo, \u00bfc\u00f3mo podemos mejorar esto?<br \/>\n[\/et_pb_tab][\/et_pb_tabs][\/et_pb_column][\/et_pb_row][\/et_pb_section]<\/p>\n","protected":false},"excerpt":{"rendered":"<p>MAS DE 30 A\u00d1OS DE EXPERIENCIA Un equipo de profesionales con mas de treinta a\u00f1os de experiencia, dedicados a la odontolog\u00eda integral, cuyo principal objetivo es \u201cHACER SONRE\u00cdR A NUESTROS PACIENTES\u201d, esto lo conseguimos mediante una actuaci\u00f3n profesional, todo ello de una manera r\u00e1pida y predecible. Atenci\u00f3n directa del paciente por los profesionales experimentados. Para [&hellip;]<\/p>\n","protected":false},"author":4,"featured_media":0,"parent":0,"menu_order":0,"comment_status":"closed","ping_status":"closed","template":"","meta":{"_et_pb_use_builder":"on","_et_pb_old_content":"[vc_row][vc_column][vc_tta_tabs alignment=\"center\" active_section=\"1\" css=\".vc_custom_1465475689622{background-color: #ffffff !important;}\"][vc_tta_section title=\"Cl\u00ednicas\" tab_id=\"1458302677672-aa0603d5-f736\" el_class=\"menu-especial\"][vc_empty_space height=\"15px\"][vc_column_text]\r\n<div class=\"contiene-pestana\">\r\n<h1 class=\"texto-doctor\" style=\"text-align: center;\"><span style=\"color: #0071c4;\">MAS DE 30 A\u00d1OS DE EXPERIENCIA<\/span><\/h1>\r\n<\/div>\r\n[\/vc_column_text][vc_empty_space height=\"8px\"][vc_column_text]\r\n<p class=\"texto-clinica\" style=\"text-align: left;\">Un equipo de profesionales con mas de treinta a\u00f1os de experiencia, dedicados a la odontolog\u00eda integral, cuyo principal objetivo es \u201cHACER SONRE\u00cdR A NUESTROS PACIENTES\u201d, esto lo conseguimos mediante una actuaci\u00f3n profesional, todo ello de una manera r\u00e1pida y predecible.<\/p>\r\n[\/vc_column_text][vc_column_text]\r\n<p class=\"texto-clinica\" style=\"text-align: left;\">Atenci\u00f3n directa del paciente por los profesionales experimentados.<\/p>\r\n[\/vc_column_text][vc_column_text]\r\n<p class=\"texto-clinica\" style=\"text-align: left;\">Para ello disponemos de <a href=\"https:\/\/odontorabes.es\/clinica-dental-madrid-leganes\/index.php\/contacta-con-tu-clinica-odonto-rabes\/\">tres cl\u00ednicas en Madrid<\/a>, en los que ofrecemos t\u00e9cnicas de vanguardia para el tratamiento conservador de sus piezas dentarias y enc\u00edas, como tambi\u00e9n, alineaci\u00f3n de sus arcadas, blanqueamientos, y procedimientos quir\u00fargicos para el reemplazo de piezas perdidas.<\/p>\r\n[\/vc_column_text][vc_column_text]\r\n<p class=\"texto-clinica\" style=\"text-align: left;\">La calidez en la atenci\u00f3n, la profesionalidad y el amor por lo que hacemos, se ha convertido en nuestra se\u00f1a de identidad; por ello le invitamos a acercarse para encontrar una soluci\u00f3n integral a sus problemas de salud bucal.<\/p>\r\n[\/vc_column_text][vc_empty_space height=\"66px\"][\/vc_tta_section][vc_tta_section title=\"Dra. Sato\" tab_id=\"1458302178096-edb60563-8fc2\" el_class=\"menu-especial\"][vc_raw_html]JTNDZGl2JTIwY2xhc3MlM0QlMjJjb250aWVuZS1wZXN0YW5hJTIyJTNFJTBBJTNDZGl2JTIwY2xhc3MlM0QlMjJpbWFnZW4tZG9jdG9yJTIyJTNFJTBBJTNDaW1nJTIwc3JjJTNEJTIyaHR0cCUzQSUyRiUyRm9kb250b3JhYmVzLmVzJTJGY2xpbmljYS1kZW50YWwtbWFkcmlkLWxlZ2FuZXMlMkZ3cC1jb250ZW50JTJGdXBsb2FkcyUyRjIwMTYlMkYwNiUyRkRvY3RvcmEtU2F0by5qcGclMjIlM0UlMEElMDklM0MlMkZkaXYlM0UlMEElMDklM0NkaXYlMjBjbGFzcyUzRCUyMmRlZmluZS1kb2N0b3IyJTIyJTNFJTBBJTA5JTA5JTNDaDMlMjBjbGFzcyUzRCUyMnRpdHVsby1kb2N0b3IlMjIlM0VEcmEuJTIwRWxzYSUyMFNhdG8lM0MlMkZoMyUzRSUwQSUwOSUwOSUzQ3AlMjBjbGFzcyUzRCUyMnRleHRvLWRvY3RvciUyMiUzRURyYS4lMjBFbHNhJTIwU2F0byUyQyUyMHNlJTIwbGljZW5jaSVDMyVCMyUyMGVuJTIwb2RvbnRvbG9nJUMzJUFEYSUyMGVuJTIwZWwlMjBhJUMzJUIxbyUyMDE5ODQlMkMlMjBhJTIwcGFydGlyJTIwZGUlMjBlc2UlMjBtb21lbnRvJTIwaGElMjBkZWRpY2FkbyUyMHN1JTIwdHJheWVjdG9yaWElMjBwcm9mZXNpb25hbCUyMGVuJTIwZXhjbHVzaXZhJTIwYSUyMGxhJTIwcHIlQzMlQTFjdGljYSUyMGRlJTIwbGElMjBPZG9udG9sb2clQzMlQURhJTIwSW50ZWdyYWwlMkMlMjBhcyVDMyVBRCUyMGNvbW8lMjB0YW1iaWVuJTIwbGElMjBidXNxdWVkYSUyMGNvbnN0YW50ZSUyMGRlJTIwdW5hJTIwZm9ybWFjaSVDMyVCM24lMjBwZXJtYW5lbnRlLiUyMCUzQ2JyJTJGJTNFJTNDYSUyMGhyZWYlM0QlMjJodHRwJTNBJTJGJTJGb2RvbnRvcmFiZXMuZXMlMkZjbGluaWNhLWRlbnRhbC1tYWRyaWQtbGVnYW5lcyUyRndwLWNvbnRlbnQlMkZ1cGxvYWRzJTJGMjAxNiUyRjA2JTJGMDYtQ3VycmljdWx1bS1FR1NPLnBkZiUyMiUyMHRhcmdldCUzRCUyMl9ibGFuayUyMiUzRSUyQmluZm8lM0MlMkZhJTNFJTNDJTJGcCUzRSUwOSUwQSUwOSUzQyUyRmRpdiUzRSUwQSUwOSUwQSUzQyUyRmRpdiUzRQ==[\/vc_raw_html][\/vc_tta_section][vc_tta_section title=\"Dr. Bazzi\" tab_id=\"1458300171473-a2d087ec-b581\" el_class=\"menu-especial\"][vc_raw_html]JTNDZGl2JTIwY2xhc3MlM0QlMjJjb250aWVuZS1wZXN0YW5hJTIyJTNFJTBBJTNDZGl2JTIwY2xhc3MlM0QlMjJpbWFnZW4tZG9jdG9yJTIyJTNFJTBBJTNDaW1nJTIwc3JjJTNEJTIyaHR0cCUzQSUyRiUyRm9kb250b3JhYmVzLmVzJTJGY2xpbmljYS1kZW50YWwtbWFkcmlkLWxlZ2FuZXMlMkZ3cC1jb250ZW50JTJGdXBsb2FkcyUyRjIwMTYlMkYwNiUyRkRvY3Rvci1CYXp6aS5qcGclMjIlM0UlMEElMDklM0MlMkZkaXYlM0UlMEElMDklM0NkaXYlMjBjbGFzcyUzRCUyMmRlZmluZS1kb2N0b3IyJTIyJTNFJTBBJTA5JTA5JTNDaDMlMjBjbGFzcyUzRCUyMnRpdHVsby1kb2N0b3IlMjIlM0VEci4lMjBSaWNhcmRvJTIwQmF6emklM0MlMkZoMyUzRSUwQSUwOSUwOSUzQ3AlMjBjbGFzcyUzRCUyMnRleHRvLWRvY3RvciUyMiUzRURyLiUyMFJpY2FyZG9BbnRvbmlvJTIwQmF6emklMjBNYW56dXR0aSUyQyUyMHNlJTIwbGljZW5jaSVDMyVCMyUyMGVuJTIwb2RvbnRvbG9nJUMzJUFEYSUyMGVuJTIwZWwlMjBhJUMzJUIxbyUyMDE5ODYlMkMlMjBhJTIwcGFydGlyJTIwZGUlMjBlc2UlMjBtb21lbnRvJTIwaGElMjBkZWRpY2FkbyUyMHN1JTIwdHJheWVjdG9yaWElMjBwcm9mZXNpb25hbCUyMGVuJTIwZXhjbHVzaXZhJTIwYSUyMGxhJTIwcHIlQzMlQTFjdGljYSUyMGRlJTIwbGElMjBPZG9udG9sb2clQzMlQURhJTIwSW50ZWdyYWwlMjB5JTIwYSUyMGxhcyUyMGVzcGVjaWFsaWRhZGVzJTIwZGUlMjBPcnRvZG9uY2lhJTJDJTIwUGVyaW9kb25jaWElMkMlMjBhcyVDMyVBRCUyMGNvbW8lMjB0YW1iaWVuJTIwbGElMjBidXNxdWVkYSUyMGNvbnN0YW50ZSUyMGRlJTIwdW5hJTIwZm9ybWFjaSVDMyVCM24lMjBwZXJtYW5lbnRlLiUzQ2JyJTJGJTNFJTNDYSUyMGhyZWYlM0QlMjJodHRwJTNBJTJGJTJGb2RvbnRvcmFiZXMuZXMlMkZjbGluaWNhLWRlbnRhbC1tYWRyaWQtbGVnYW5lcyUyRndwLWNvbnRlbnQlMkZ1cGxvYWRzJTJGMjAxNiUyRjA2JTJGMDgtQ3VycmljdWx1bS1SQk0ucGRmJTIyJTIwdGFyZ2V0JTNEJTIyX2JsYW5rJTIyJTNFJTJCaW5mbyUzQyUyRmElM0UlM0MlMkZwJTNFJTA5JTBBJTA5JTNDJTJGZGl2JTNFJTBBJTA5JTBBJTNDJTJGZGl2JTNF[\/vc_raw_html][\/vc_tta_section][vc_tta_section title=\"El equipo\" tab_id=\"1462959457613-088c55c7-8d24\" el_class=\"menu-especial\"][vc_raw_html]JTNDdWwlMjBjbGFzcyUzRCUyMmNhamFzLW1hbm9zJTIyJTNFJTBBJTA5JTNDbGklM0UlMEElMDklMDklM0NpbWclMjBjbGFzcyUzRCUyMm1hbm8lMjIlMjBzcmMlM0QlMjJodHRwJTNBJTJGJTJGb2RvbnRvcmFiZXMuZXMlMkZjbGluaWNhLWRlbnRhbC1tYWRyaWQtbGVnYW5lcyUyRndwLWNvbnRlbnQlMkZ1cGxvYWRzJTJGMjAxNiUyRjA3JTJGbWFuby1kZS1SaWNhcmRvMi5qcGclMjIlM0UlMEElMDklM0MlMkZsaSUzRSUwQSUwQSUwOSUzQ2xpJTNFJTBBJTA5JTA5JTNDaW1nJTIwY2xhc3MlM0QlMjJtYW5vJTIyJTIwc3JjJTNEJTIyaHR0cCUzQSUyRiUyRm9kb250b3JhYmVzLmVzJTJGY2xpbmljYS1kZW50YWwtbWFkcmlkLWxlZ2FuZXMlMkZ3cC1jb250ZW50JTJGdXBsb2FkcyUyRjIwMTYlMkYwNyUyRm1hbm8tZGUtc2hpcmxleTIuanBnJTIyJTNFJTBBJTA5JTNDJTJGbGklM0UlMEElM0NsaSUzRSUwQSUwOSUwOSUzQ2ltZyUyMGNsYXNzJTNEJTIybWFubyUyMiUyMHNyYyUzRCUyMmh0dHAlM0ElMkYlMkZvZG9udG9yYWJlcy5lcyUyRmNsaW5pY2EtZGVudGFsLW1hZHJpZC1sZWdhbmVzJTJGd3AtY29udGVudCUyRnVwbG9hZHMlMkYyMDE2JTJGMDclMkZtYW5vLWRlLVJvc3kyLmpwZyUyMiUzRSUwQSUwOSUzQyUyRmxpJTNFJTBBJTA5JTNDbGklM0UlMEElMDklMDklM0NpbWclMjBjbGFzcyUzRCUyMm1hbm8lMjIlMjBzcmMlM0QlMjJodHRwJTNBJTJGJTJGb2RvbnRvcmFiZXMuZXMlMkZjbGluaWNhLWRlbnRhbC1tYWRyaWQtbGVnYW5lcyUyRndwLWNvbnRlbnQlMkZ1cGxvYWRzJTJGMjAxNiUyRjA3JTJGbWFuby1kZS1lbHNhMi5qcGclMjIlM0UlMEElMDklM0MlMkZsaSUzRSUwQSUwOSUwQSUwOSUzQ2xpJTNFJTBBJTA5JTA5JTNDaW1nJTIwY2xhc3MlM0QlMjJtYW5vJTIyJTIwc3JjJTNEJTIyaHR0cCUzQSUyRiUyRm9kb250b3JhYmVzLmVzJTJGY2xpbmljYS1kZW50YWwtbWFkcmlkLWxlZ2FuZXMlMkZ3cC1jb250ZW50JTJGdXBsb2FkcyUyRjIwMTYlMkYwNyUyRm1hbm8tZGUtTnVyaWEyLmpwZyUyMiUzRSUwQSUwOSUzQyUyRmxpJTNFJTBBJTNDJTJGdWwlM0UlMDklMEE=[\/vc_raw_html][vc_empty_space height=\"1px\"][vc_column_text]\r\n<div class=\"contiene-pestana\">\r\n<div>\r\n<h4 style=\"text-align: center;\"><\/h4>\r\n<h4 style=\"text-align: center;\"><span style=\"color: #000000;\">Este es el verdadero valor de ODONTORABES, el equipo humano, que se caracter\u00edza por:<\/span><\/h4>\r\n<p style=\"text-align: left;\">Absoluta responsabilidad personal por lo que hacen, siendo cada uno el propio cambio que quieran ver en el equipo. Curiosidad constante por mejorar y aprender. Se gu\u00edan por su actitud en el d\u00eda a d\u00eda y tienen como objetivo personal su rendimiento cuando nadie les est\u00e1 mirando y las cosas no van bien.<\/p>\r\n<p style=\"text-align: left;\">Tienen obsesiva atenci\u00f3n por el detalle. Nunca dejan de mejorar, siempre desaf\u00edan el estado de las cosas y se preguntan todos como equipo, \u00bfc\u00f3mo podemos mejorar esto?<\/p>\r\n\r\n<\/div>\r\n<\/div>\r\n[\/vc_column_text][\/vc_tta_section][\/vc_tta_tabs][\/vc_column][\/vc_row][vc_row][vc_column width=\"1\/4\"][vc_column_text]\r\n<h4><span style=\"color: #0071c4;\">Pensando en el paciente<\/span><\/h4>\r\n[\/vc_column_text][vc_column_text]Una primera consulta, nos permite detectar los problemas, que afectan a su salud bucodental.[\/vc_column_text][\/vc_column][vc_column width=\"1\/4\"][vc_column_text]\r\n<h4><span style=\"color: #0071c4;\">Garant\u00eda ODONTO RABES<\/span><\/h4>\r\n[\/vc_column_text][vc_column_text]M\u00e1s de treinta a\u00f1os de experiencia nos avalan.[\/vc_column_text][\/vc_column][vc_column width=\"1\/4\"][vc_column_text]\r\n<h4><span style=\"color: #0071c4;\">Est\u00e9tica dental<\/span><\/h4>\r\n[\/vc_column_text][vc_column_text]Ofrecemos soluciones innovadoras a su requerimientos espec\u00edficos.[\/vc_column_text][\/vc_column][vc_column width=\"1\/4\"][vc_column_text]\r\n<h4><span style=\"color: #0071c4;\">3 centros a su servicio<\/span><\/h4>\r\n[\/vc_column_text][vc_column_text]Todas las cl\u00ednicas ODONTO RABES son propias, atendida por profesionales con m\u00e1s de 30 a\u00f1os\u00a0 de experiencia.[\/vc_column_text][\/vc_column][\/vc_row]","_et_gb_content_width":"","footnotes":""},"class_list":["post-253","page","type-page","status-publish","hentry"],"_links":{"self":[{"href":"https:\/\/odontorabes.es\/clinica-dental-madrid-leganes\/wp-json\/wp\/v2\/pages\/253"}],"collection":[{"href":"https:\/\/odontorabes.es\/clinica-dental-madrid-leganes\/wp-json\/wp\/v2\/pages"}],"about":[{"href":"https:\/\/odontorabes.es\/clinica-dental-madrid-leganes\/wp-json\/wp\/v2\/types\/page"}],"author":[{"embeddable":true,"href":"https:\/\/odontorabes.es\/clinica-dental-madrid-leganes\/wp-json\/wp\/v2\/users\/4"}],"replies":[{"embeddable":true,"href":"https:\/\/odontorabes.es\/clinica-dental-madrid-leganes\/wp-json\/wp\/v2\/comments?post=253"}],"version-history":[{"count":0,"href":"https:\/\/odontorabes.es\/clinica-dental-madrid-leganes\/wp-json\/wp\/v2\/pages\/253\/revisions"}],"wp:attachment":[{"href":"https:\/\/odontorabes.es\/clinica-dental-madrid-leganes\/wp-json\/wp\/v2\/media?parent=253"}],"curies":[{"name":"wp","href":"https:\/\/api.w.org\/{rel}","templated":true}]}}