{"id":1304,"date":"2019-12-05T11:49:03","date_gmt":"2019-12-05T11:49:03","guid":{"rendered":"https:\/\/odontorabes.es\/clinica-dental-madrid-leganes\/?page_id=1304"},"modified":"2020-05-04T12:33:55","modified_gmt":"2020-05-04T12:33:55","slug":"clinica-ciudad-lineal","status":"publish","type":"page","link":"https:\/\/odontorabes.es\/clinica-dental-madrid-leganes\/clinicas\/clinica-ciudad-lineal\/","title":{"rendered":"Cl\u00ednica Ciudad Lineal"},"content":{"rendered":"<p>[et_pb_section fb_built=&#8221;1&#8243; _builder_version=&#8221;3.22&#8243;][et_pb_row _builder_version=&#8221;3.25&#8243; background_size=&#8221;initial&#8221; background_position=&#8221;top_left&#8221; background_repeat=&#8221;repeat&#8221;][et_pb_column type=&#8221;4_4&#8243; _builder_version=&#8221;3.25&#8243; custom_padding=&#8221;|||&#8221; custom_padding__hover=&#8221;|||&#8221;][et_pb_tabs active_tab_background_color=&#8221;#f8f8f8&#8243; inactive_tab_background_color=&#8221;#ffffff&#8221; _builder_version=&#8221;4.4.3&#8243; tab_text_color=&#8221;#0071c4&#8243; tab_font_size=&#8221;17px&#8221; background_color=&#8221;#f8f8f8&#8243; hover_enabled=&#8221;0&#8243;][et_pb_tab title=&#8221;RABES ARIST\u00d3TELES&#8221; _builder_version=&#8221;4.4.3&#8243; hover_enabled=&#8221;0&#8243;]<\/p>\n<div class=\"contiene-pestana\">\n<div class=\"define-clinica\">\n<h4 class=\"titulo-seccion\"><strong>Cl\u00ednica Dental en Ciudad Lineal, Madrid<\/strong><\/h4>\n<p class=\"texto-clinica\">Calle Arist\u00f3teles n\u00ba 3<\/p>\n<p class=\"texto-clinica\">Distrito Ciudad Lineal<\/p>\n<p class=\"texto-clinica\">28027 Madrid<\/p>\n<p><img loading=\"lazy\" decoding=\"async\" class=\"aligncenter size-full wp-image-1092\" style=\"float: left; margin: 0 auto;\" src=\"https:\/\/odontorabes.es\/clinica-dental-madrid-leganes\/wp-content\/uploads\/2016\/03\/metro.png\" alt=\"metro\" width=\"31\" height=\"20\" title=\"\"> Barrio de la concepci\u00f3n.<br \/> <img loading=\"lazy\" decoding=\"async\" class=\"aligncenter size-full wp-image-1091\" style=\"float: left; margin: 0 auto;\" src=\"https:\/\/odontorabes.es\/clinica-dental-madrid-leganes\/wp-content\/uploads\/2016\/03\/autobus.png\" alt=\"autobus\" width=\"20\" height=\"20\" title=\"\"> L\u00edneas 11-53-122<\/p>\n<h4 class=\"titulo-seccion\">CONTACTO<\/h4>\n<p class=\"texto-clinica\">Tel\u00e9fono: <a href=\"tel:914 044 522\" style=\"color: #666;\">914 044 522<\/a><\/p>\n<h4 class=\"titulo-seccion\">HORARIOS<\/h4>\n<p class=\"texto-clinica\">L-V 10:00 a 14:00 y de 16:00 a 20:00<\/p>\n<div class=\"codigo-qr\"><img loading=\"lazy\" decoding=\"async\" src=\"https:\/\/odontorabes.es\/clinica-dental-madrid-leganes\/wp-content\/uploads\/2016\/06\/codigos-qr-clinica-aristoteles-1.jpg\" alt=\"\" width=\"180\" height=\"111\" title=\"\"><\/div>\n<\/div>\n<div class=\"mapa-clinica\"><iframe loading=\"lazy\" style=\"border: 0;\" src=\"https:\/\/www.google.com\/maps\/embed?pb=!1m18!1m12!1m3!1d3036.4562616813914!2d-3.6539645843358337!3d40.44303746196239!2m3!1f0!2f0!3f0!3m2!1i1024!2i768!4f13.1!3m3!1m2!1s0xd422f3a849402cf%3A0xdf31c20e27ff1969!2sCalle+Arist%C3%B3teles%2C+3%2C+28027+Madrid!5e0!3m2!1ses!2ses!4v1459161591047\" allowfullscreen=\"allowfullscreen\" width=\"600\" height=\"425\" frameborder=\"0\"><\/iframe><\/div>\n<\/div>\n<p>[\/et_pb_tab][\/et_pb_tabs][et_pb_text _builder_version=&#8221;4.0.11&#8243;][\/et_pb_text][\/et_pb_column][\/et_pb_row][\/et_pb_section]<\/p>\n","protected":false},"excerpt":{"rendered":"<p>Cl\u00ednica Dental en Ciudad Lineal, Madrid Calle Arist\u00f3teles n\u00ba 3 Distrito Ciudad Lineal 28027 Madrid Barrio de la concepci\u00f3n. L\u00edneas 11-53-122 CONTACTO Tel\u00e9fono: 914 044 522 HORARIOS L-V 10:00 a 14:00 y de 16:00 a 20:00<\/p>\n","protected":false},"author":4,"featured_media":0,"parent":1308,"menu_order":0,"comment_status":"closed","ping_status":"closed","template":"","meta":{"_et_pb_use_builder":"on","_et_pb_old_content":"","_et_gb_content_width":"","footnotes":""},"class_list":["post-1304","page","type-page","status-publish","hentry"],"_links":{"self":[{"href":"https:\/\/odontorabes.es\/clinica-dental-madrid-leganes\/wp-json\/wp\/v2\/pages\/1304"}],"collection":[{"href":"https:\/\/odontorabes.es\/clinica-dental-madrid-leganes\/wp-json\/wp\/v2\/pages"}],"about":[{"href":"https:\/\/odontorabes.es\/clinica-dental-madrid-leganes\/wp-json\/wp\/v2\/types\/page"}],"author":[{"embeddable":true,"href":"https:\/\/odontorabes.es\/clinica-dental-madrid-leganes\/wp-json\/wp\/v2\/users\/4"}],"replies":[{"embeddable":true,"href":"https:\/\/odontorabes.es\/clinica-dental-madrid-leganes\/wp-json\/wp\/v2\/comments?post=1304"}],"version-history":[{"count":0,"href":"https:\/\/odontorabes.es\/clinica-dental-madrid-leganes\/wp-json\/wp\/v2\/pages\/1304\/revisions"}],"up":[{"embeddable":true,"href":"https:\/\/odontorabes.es\/clinica-dental-madrid-leganes\/wp-json\/wp\/v2\/pages\/1308"}],"wp:attachment":[{"href":"https:\/\/odontorabes.es\/clinica-dental-madrid-leganes\/wp-json\/wp\/v2\/media?parent=1304"}],"curies":[{"name":"wp","href":"https:\/\/api.w.org\/{rel}","templated":true}]}}